mposite?
True
Let w(p) = 2*p**2 - 8*p - 9. Is w(-7) a composite number?
True
Let k(m) = 5*m - 3. Let f be k(7). Let g(p) = -3*p + f*p**2 - 1 + 3*p. Is g(1) a prime number?
True
Let b be ((-6)/4)/(1/(-2)). Suppose 5*x - 2*d + 4*d - 383 = 0, 2*x + b*d = 151. Is x a prime number?
False
Suppose 18 = -0*l + 3*l. Suppose 3*w + 4*g = 10, 4*w - 18 = -4*g - l. Let k(u) = 5*u**2 + 2. Is k(w) a prime number?
False
Suppose 37 - 97 = -4*o. Is o composite?
True
Suppose -x = 3*k - 13937, -x = k + 3*k - 18582. Is k prime?
False
Let g(b) = -b**3 + b**2 - b + 213. Is g(0) a prime number?
False
Let t = -5 - -8. Let n(z) = -2 - z**2 + 1 - t*z + 7*z. Is n(3) a prime number?
True
Suppose 2 = -3*f + 5. Is 2/(f/263*2) a composite number?
False
Let c(j) be the third derivative of -j**4/4 - j**3/3 - j**2. Is c(-2) prime?
False
Let n be (6/(-18))/((-1)/27). Let m(a) = a**3 - 7*a**2 - 13*a + 8. Is m(n) composite?
False
Suppose -2*w + 0*w + 204 = 0. Suppose -3*u + 5*u - w = 0. Suppose 2*t - u = 47. Is t composite?
True
Let u be (-45)/(-6) - (-1)/2. Let n(b) = 25*b + 3. Is n(u) a composite number?
True
Let j(m) be the third derivative of m**5/60 - m**4/6 - 13*m**3/6 + 2*m**2. Is j(10) a composite number?
False
Let a = 254 - 135. Is a a composite number?
True
Let d(a) = 2*a - 1. Let p be d(2). Suppose 2*j + 4*c - 24 = 0, 7*j + p*c - 23 = 3*j. Suppose -5*z - 82 = -2*o, -46 = -2*o - j*z - 2*z. Is o composite?
False
Suppose -5*j + 2424 - 19 = 0. Is j composite?
True
Let x = 31 + 3. Is x prime?
False
Suppose -2*m + 4632 = 1450. Is m prime?
False
Suppose 4*o + 12 - 170 = -5*z, -2*o = -3*z + 86. Is (194/4)/(15/z) a prime number?
True
Suppose 5*d - 3*o - 18 = -7*o, 5*d - 12 = -o. Suppose d*c = -5*p + 34, 2*p - 4 - 39 = -5*c. Is c prime?
True
Suppose -9*f + 10 = -4*f. Let c be (-1)/((f - 4)/(-2)). Is 2*c/6*-75 composite?
True
Suppose 3*q + 17 = p - 23, 80 = -5*q - 5*p. Let f = 17 + q. Is f a composite number?
False
Suppose 4*p - 23 = -3*h, h - 5*p = -h. Suppose 7*u - 3*u - 118 = -2*g, -5*g = h*u - 320. Is g a composite number?
True
Let t(n) = -n - 4. Let i be t(-8). Suppose -3*q = 3*y - 107 - 55, i*q - 211 = y. Is q prime?
True
Suppose 0 = 4*v + 2*y - 14, -y - 4 = -5*y. Suppose -232 - 5 = -3*w. Suppose -2*s = -v*s + w. Is s a prime number?
True
Let a be 1/(-1 - (-48)/44). Let f be (-2)/(-3) - (-2)/(-3). Is a - 1*f/1 a prime number?
True
Let r(w) be the third derivative of 0*w**4 + 0*w + 257/6*w**3 + 1/120*w**6 - 1/60*w**5 + 0 + 3*w**2. Is r(0) prime?
True
Let o = -333 + -36. Is (-2)/(-2) + (3 - o) a composite number?
False
Let y be (-3)/((-9)/6) - 9. Let k = y + -8. Is (-372)/k + 1/5 a composite number?
True
Let p = 1 - 3. Let v be p/(-4) - (-3)/2. Is (v - (-3)/(-1)) + 58 a composite number?
True
Let p be -818*(-1)/((-2)/(-4)). Suppose 3*z = p - 397. Is z prime?
False
Let m(u) = 2*u**2 - 4*u - 2. Let a be m(4). Let t be -3 - (-7)/(a/432). Suppose 0 = 4*i + 4*d - 288, 5*i = 2*i - 2*d + t. Is i composite?
True
Let r(u) = u**2 + 8*u - 16. Is r(19) a composite number?
True
Let a = -6 + 10. Suppose -5*r + 285 = -0*x + a*x, r = x + 57. Suppose -r - 45 = -2*k. Is k composite?
True
Suppose g = 5*g - 12. Suppose g*r + 0*r = 6. Suppose 5*p - 1295 = 4*c, -4*c - 777 = -r*p - p. Is p a composite number?
True
Let a(o) be the first derivative of -o**2/2 + 8*o + 2. Let l(i) = 1. Let m(s) = a(s) + 5*l(s). Is m(0) a composite number?
False
Let d = 166 + -11. Is d a composite number?
True
Let s be -57*-3*24/27. Let l = s - 25. Is l a composite number?
False
Let y = 8 + -8. Suppose -g + 251 = -y*g. Is g a prime number?
True
Suppose 0 = -2*t + 4, p = 3*p - 2*t - 162. Is p prime?
True
Suppose 0 = -5*x - 11 - 4. Let q(t) = t**3 + 3*t**2 + 2. Is q(x) a composite number?
False
Suppose -2*t = -2837 - 65. Is t a composite number?
False
Let b(v) = -v - 8. Let c be b(-8). Suppose 55 = 5*d - c*d. Is d a composite number?
False
Suppose -7 = -3*z - c - 0, 3*c - 5 = -z. Suppose 0 = -3*j - z*d + 449, 4*j = -d - d + 598. Is j a prime number?
True
Let y = 99 - 44. Is y a composite number?
True
Let o(d) = d**2 - 5*d - 15. Is o(8) a composite number?
True
Let s be 1/3*(1 + -1). Suppose -5*f = -5*l + 395, 4*l - 2*f + 5*f - 344 = s. Is l a composite number?
False
Let a(q) = -q**2 - 8*q - 4. Let t be a(-7). Suppose -5*j + 19 = -t*i, 4*j - i = j + 9. Is 550/14 - j/7 a composite number?
True
Let q(d) = -611*d + 2. Is q(-1) a composite number?
False
Let x(c) = -41*c + 1. Let g be x(-3). Suppose 0 = -2*r + g + 32. Is (r/(-15) - 1)*-5 composite?
False
Suppose y = 2*k - 2*y - 221, 0 = 3*k + y - 304. Is k a composite number?
False
Let p(n) = 75*n + 7. Is p(5) composite?
True
Suppose 2*b = -5*o + 173, b - 2*o = -3*o + 82. Let x = 146 - b. Is x composite?
False
Let d be 1*1/((-1)/(-32)). Let c = 1 + d. Is c a prime number?
False
Let w = 939 + -182. Is w prime?
True
Let h(a) = -9*a**2 + 6*a - 5. Let t(k) = -17*k**2 + 11*k - 9. Let p(i) = 11*h(i) - 6*t(i). Is p(-2) a composite number?
False
Let z = 25 + 8. Suppose -2*n + 4*t = -87 + z, -58 = -2*n + 3*t. Is n a prime number?
False
Let b(j) = 4*j + 11 + j + j. Is b(10) composite?
False
Let a(y) = y**2 + 7*y - 6. Suppose 0 = -5*b - 3*n - 37 + 14, 5*n = 20. Let p be a(b). Is (p - 33)/((-1)/1) prime?
False
Suppose -6*j + 2241 = 3*f - 3*j, -4*j - 8 = 0. Is f a prime number?
False
Is (-1142)/(-6) + -4 + (-42)/(-9) prime?
True
Let h = 355 + -237. Let r(k) = k**3 + 6*k**2 - 5*k + 5. Let l be r(-7). Let s = h - l. Is s a composite number?
False
Let b = 19 + 2. Is b composite?
True
Suppose -5*n + 7 = -13. Suppose n*s - 444 + 64 = 0. Is s a composite number?
True
Let u(j) = j**3 + 6*j**2 - 2*j - 8. Let a be u(-6). Is -3 + a + 120 + -2 a prime number?
False
Suppose 0 = 2*g - 4*g + 348. Suppose 0 = -v - 2*v + g. Is (v/(-3))/((-3)/9) a composite number?
True
Let w(r) = -11*r**3 + 4*r**2 - 2*r - 2. Let l be w(-3). Suppose -j + l = 3*j + g, 5*j - 423 = -3*g. Suppose t + 3*t = -4*k + j, -k + 5*t = -51. Is k prime?
False
Is (-1 + (-8)/(-12))/(3/(-14733)) a composite number?
False
Let g(p) = 1 + 2*p**2 - 3 - 2 - 7*p + 2. Is g(-5) prime?
True
Let j be (-1)/1 + -1 + 2. Suppose y + 9 + 2 = j. Let h = 74 - y. Is h prime?
False
Let q(m) = 2*m + 1. Let x be q(7). Let d be x/6*16/10. Suppose -2*y = 3*b - 55, 4*y - 26 - 42 = -d*b. Is b prime?
False
Suppose 5*x - 295 = 40. Suppose -x = -q - 24. Is q prime?
True
Suppose -p = 4*t + 111, -t - 4*p = -0*p + 39. Is (-2)/(-9) + (-2343)/t a prime number?
False
Let f be 40/6*(-30)/(-25). Is 5/(-20) - (-1146)/f composite?
True
Let t be 2/(-5) + (-4)/(-10). Suppose -2*f + 16 = 5*h, t = 2*f - 0 + 4. Is h/(-14) + 79/7 a composite number?
False
Let p be ((-52)/(-6))/((-2)/(-9)). Suppose 9*j = 15*j + 108. Let u = j + p. Is u composite?
True
Let v be -3 + 2 + -1 - -5. Suppose -4*j + 1 = -2*b - 17, b = -4*j + v. Let d = j + 0. Is d a prime number?
True
Let p = 21 - -53. Suppose -4*k - 7*z + 176 = -4*z, 0 = -2*k - 5*z + p. Is k composite?
False
Is (-1 - -256) + 10/(-5) a prime number?
False
Suppose -4*z + 5*l = -636, 2*z - 636 = -2*z - l. Is z composite?
True
Suppose 0 = -3*k + 2 + 4. Suppose 1228 = -k*p + 6*p. Is p composite?
False
Let p(z) be the second derivative of -7*z**3/6 + z**2 - 3*z. Let v = -7 + 2. Is p(v) a composite number?
False
Let m(x) = -x**2 - 4*x + 5. Let p be m(-5). Suppose p = 2*v - 0*v - 1358. Is v a composite number?
True
Let y = -68 + 1021. Is y composite?
False
Let b = -177 - -103. Let u = -3 + 2. Is b*u/2 - -2 a prime number?
False
Let p(x) = 63*x - 3. Let b(r) = -42*r + 2. Let i(u) = -7*b(u) - 5*p(u). Is i(-6) composite?
False
Let f = 750 + -1220. Is (-18)/(-54) - f/3 prime?
True
Suppose -4*u + 415 = -317. Suppose -4*g + 173 = -u. Is g a prime number?
True
Let z(o) = o + 2. Let a be z(3). Suppose 2*n + 339 = a*n. Is n prime?
True
Let o be (-14)/35 - 7862/(-5). Suppose -1888 = -4*a + o. Is a a prime number?
False
Suppose 4*p - 6 = 2*p. Suppose p*v - 6*v + 71 = 2*m, 5*v - 2*m = 145. Suppose -2*b = b - v. Is b a composite number?
True
Suppose 121 = 42*m - 41*m. Is m prime?
False
Let x(d) = -5*d**3 - 2*d**2 - d - 5. Is x(-7) prime?
True
Let x(p) = p**2 - 4*p - 7. Let m be x(6). Suppose m*o - 4*o = 87. Is o a composite number?
True
Is (((-3)/(-6))/(-1))/((-4)/10984) a composite number?
False
Let r = -353 + 640. Is r a composite number?
True
Let a(g) = g